{"id":73,"date":"2018-10-22T13:28:27","date_gmt":"2018-10-22T13:28:27","guid":{"rendered":"http:\/\/kita-regenbogen-bsa.de\/?page_id=73"},"modified":"2019-02-06T07:57:01","modified_gmt":"2019-02-06T07:57:01","slug":"weitere-inhalte","status":"publish","type":"page","link":"https:\/\/kita-regenbogen-bsa.de\/?page_id=73","title":{"rendered":"Weitere Inhalte"},"content":{"rendered":"<p>unserer t\u00e4glichen Arbeit<\/p>\n<p><strong>Inklusion:<\/strong><\/p>\n<p>Wir arbeiten in unserer Einrichtung integrativ. Bei Bedarf werden Kinder mit sonderp\u00e4dagogischem F\u00f6rderbedarf, mit k\u00f6rperlichen oder seelischen Behinderungen betreut.<br \/>\nInklusion bezieht sich auch auf den gro\u00dfen Anteil unserer Kinder\u00a0 und Familien mit Migrationshintergrund und auf jegliche Form des Anders seins.<\/p>\n<p><strong>Betreuung von Kindern unter 3 Jahren:<\/strong><\/p>\n<p><strong>Seit Januar 2004 werden in zwei altersstufen\u00fcbergreifenden Gruppen auch Kinder ab zwei Jahren betreut. <\/strong><\/p>\n<p>Wir haben die Inhalte unserer Arbeit f\u00fcr diese Altersgruppe entsprechend abgestimmt und erweitert.<\/p>\n<p><strong>Seit Juni 2013 gibt es in unserer Einrichtung eine Krippe.<\/strong> Die R\u00e4umlichkeiten wurden entsprechend ver\u00e4ndert.<\/p>\n<p>Unsere Konzeption gilt auch f\u00fcr diese Gruppe. Einige Aspekte sind hier jedoch intensiver. Der Eingew\u00f6hnungsprozess erfolgt mit dem Berliner Modell und Absprachen mit den Eltern f\u00fcr Rituale und spezielle Bed\u00fcrfnisse der Kleinen. Der Entwicklung des Kindes angemessene Erfordernisse und pflegerische Anspr\u00fcche werden abgekl\u00e4rt. Wir legen Wert auf regelm\u00e4\u00dfigen Austausch.<\/p>\n<p><strong>Unser gemeinsames Anliegen ist die vertrauensvolle Zusammenarbeit mit den Familien der Kinder.<\/strong><\/p>\n<p>Wir m\u00f6chten Kindern Bindung und Beziehung erm\u00f6glichen und sie in all ihren individuellen Facetten f\u00f6rdern.<\/p>\n<p>Unsere P\u00e4dagogische Konzeption basiert darauf, dass Kinder in den Erwachsenen Modelle haben, an denen sie sich auch sp\u00e4ter au\u00dferhalb der Familie in vielen Situationen, die ihnen begegnen,\u00a0 orientieren k\u00f6nnen.<\/p>\n<p>Der BEP ( Hess. Bildung \u2013 und Erziehungsplan) dient uns als Grundlage und Unterst\u00fctzung.<\/p>\n<p>Ziel ist es, unsere Konzeption auch zu leben, immer wieder zu hinterfragen und entsprechend zu \u00e4ndern oder zu erg\u00e4nzen.<\/p>\n<p>Dabei orientieren wir uns an dem aktuellen Bedarf der Kinder, die uns anvertraut werden.<\/p>\n<p>Die Umsetzung der gesamten Konzeption ist eng gekoppelt mit den aktuellen Rahmenbedingungen und muss, zum Beispiel bei personellen Engp\u00e4ssen, den aktuellen \u00e4u\u00dferen Bedingungen angepasst werden.<\/p>\n<p>Die Inhalte der P\u00e4dagogischen Konzeption\u00a0 stellen wir Ihnen auch gerne im pers\u00f6nlichen Gespr\u00e4ch vor.<\/p>\n<p>Wir haben Zeit f\u00fcr Ihre Fragen.<\/p>\n<p>Wir freuen uns auf Ihren Besuch und laden Sie, auch zusammen mit Ihrem Kind, herzlich ein zu einem \u201eSchnuppertag\u201c\u00a0 in unserem Haus.<\/p>\n<p>Alles Wissenswerte \u00fcber unser Haus, Organisatorisches,\u00a0 \u00d6ffnungszeiten, Zeitmodule, Kita \u2013 Beitr\u00e4ge usw. entnehmen Sie bitte der jeweils aktuellen Kita-Ordnung, die Sie zusammen mit den Anmeldeformularen erhalten<\/p>\n<p>Ihr Team der Regenbogen \u2013 Kita<\/p>\n","protected":false},"excerpt":{"rendered":"<p>unserer t\u00e4glichen Arbeit Inklusion: Wir arbeiten in unserer Einrichtung integrativ. Bei Bedarf werden Kinder mit sonderp\u00e4dagogischem F\u00f6rderbedarf, mit k\u00f6rperlichen oder seelischen Behinderungen betreut. Inklusion bezieht sich auch auf den gro\u00dfen Anteil unserer Kinder\u00a0 und Familien mit Migrationshintergrund und auf jegliche &hellip; <a href=\"https:\/\/kita-regenbogen-bsa.de\/?page_id=73\">Weiterlesen <span class=\"meta-nav\">&rarr;<\/span><\/a><\/p>\n","protected":false},"author":1,"featured_media":0,"parent":26,"menu_order":7,"comment_status":"closed","ping_status":"closed","template":"","meta":{"footnotes":""},"class_list":["post-73","page","type-page","status-publish","hentry"],"_links":{"self":[{"href":"https:\/\/kita-regenbogen-bsa.de\/index.php?rest_route=\/wp\/v2\/pages\/73","targetHints":{"allow":["GET"]}}],"collection":[{"href":"https:\/\/kita-regenbogen-bsa.de\/index.php?rest_route=\/wp\/v2\/pages"}],"about":[{"href":"https:\/\/kita-regenbogen-bsa.de\/index.php?rest_route=\/wp\/v2\/types\/page"}],"author":[{"embeddable":true,"href":"https:\/\/kita-regenbogen-bsa.de\/index.php?rest_route=\/wp\/v2\/users\/1"}],"replies":[{"embeddable":true,"href":"https:\/\/kita-regenbogen-bsa.de\/index.php?rest_route=%2Fwp%2Fv2%2Fcomments&post=73"}],"version-history":[{"count":1,"href":"https:\/\/kita-regenbogen-bsa.de\/index.php?rest_route=\/wp\/v2\/pages\/73\/revisions"}],"predecessor-version":[{"id":74,"href":"https:\/\/kita-regenbogen-bsa.de\/index.php?rest_route=\/wp\/v2\/pages\/73\/revisions\/74"}],"up":[{"embeddable":true,"href":"https:\/\/kita-regenbogen-bsa.de\/index.php?rest_route=\/wp\/v2\/pages\/26"}],"wp:attachment":[{"href":"https:\/\/kita-regenbogen-bsa.de\/index.php?rest_route=%2Fwp%2Fv2%2Fmedia&parent=73"}],"curies":[{"name":"wp","href":"https:\/\/api.w.org\/{rel}","templated":true}]}}

<p>unserer täglichen Arbeit</p>
<p><strong>Inklusion:</strong></p>
<p>Wir arbeiten in unserer Einrichtung integrativ. Bei Bedarf werden Kinder mit sonderpädagogischem Förderbedarf, mit körperlichen oder seelischen Behinderungen betreut.<br />
Inklusion bezieht sich auch auf den großen Anteil unserer Kinder  und Familien mit Migrationshintergrund und auf jegliche Form des Anders seins.</p>
<p><strong>Betreuung von Kindern unter 3 Jahren:</strong></p>
<p><strong>Seit Januar 2004 werden in zwei altersstufenübergreifenden Gruppen auch Kinder ab zwei Jahren betreut. </strong></p>
<p>Wir haben die Inhalte unserer Arbeit für diese Altersgruppe entsprechend abgestimmt und erweitert.</p>
<p><strong>Seit Juni 2013 gibt es in unserer Einrichtung eine Krippe.</strong> Die Räumlichkeiten wurden entsprechend verändert.</p>
<p>Unsere Konzeption gilt auch für diese Gruppe. Einige Aspekte sind hier jedoch intensiver. Der Eingewöhnungsprozess erfolgt mit dem Berliner Modell und Absprachen mit den Eltern für Rituale und spezielle Bedürfnisse der Kleinen. Der Entwicklung des Kindes angemessene Erfordernisse und pflegerische Ansprüche werden abgeklärt. Wir legen Wert auf regelmäßigen Austausch.</p>
<p><strong>Unser gemeinsames Anliegen ist die vertrauensvolle Zusammenarbeit mit den Familien der Kinder.</strong></p>
<p>Wir möchten Kindern Bindung und Beziehung ermöglichen und sie in all ihren individuellen Facetten fördern.</p>
<p>Unsere Pädagogische Konzeption basiert darauf, dass Kinder in den Erwachsenen Modelle haben, an denen sie sich auch später außerhalb der Familie in vielen Situationen, die ihnen begegnen,  orientieren können.</p>
<p>Der BEP ( Hess. Bildung – und Erziehungsplan) dient uns als Grundlage und Unterstützung.</p>
<p>Ziel ist es, unsere Konzeption auch zu leben, immer wieder zu hinterfragen und entsprechend zu ändern oder zu ergänzen.</p>
<p>Dabei orientieren wir uns an dem aktuellen Bedarf der Kinder, die uns anvertraut werden.</p>
<p>Die Umsetzung der gesamten Konzeption ist eng gekoppelt mit den aktuellen Rahmenbedingungen und muss, zum Beispiel bei personellen Engpässen, den aktuellen äußeren Bedingungen angepasst werden.</p>
<p>Die Inhalte der Pädagogischen Konzeption  stellen wir Ihnen auch gerne im persönlichen Gespräch vor.</p>
<p>Wir haben Zeit für Ihre Fragen.</p>
<p>Wir freuen uns auf Ihren Besuch und laden Sie, auch zusammen mit Ihrem Kind, herzlich ein zu einem „Schnuppertag“  in unserem Haus.</p>
<p>Alles Wissenswerte über unser Haus, Organisatorisches,  Öffnungszeiten, Zeitmodule, Kita – Beiträge usw. entnehmen Sie bitte der jeweils aktuellen Kita-Ordnung, die Sie zusammen mit den Anmeldeformularen erhalten</p>
<p>Ihr Team der Regenbogen – Kita</p>

<p>unserer täglichen Arbeit Inklusion: Wir arbeiten in unserer Einrichtung integrativ. Bei Bedarf werden Kinder mit sonderpädagogischem Förderbedarf, mit körperlichen oder seelischen Behinderungen betreut. Inklusion bezieht sich auch auf den großen Anteil unserer Kinder  und Familien mit Migrationshintergrund und auf jegliche &hellip; <a href="https://kita-regenbogen-bsa.de/?page_id=73">Weiterlesen <span class="meta-nav">&rarr;</span></a></p>
